{"id":1190,"date":"2018-10-30T14:12:22","date_gmt":"2018-10-30T14:12:22","guid":{"rendered":"http:\/\/amatfust.com\/empresa\/"},"modified":"2018-12-17T07:24:12","modified_gmt":"2018-12-17T07:24:12","slug":"empresa","status":"publish","type":"page","link":"https:\/\/amatfust.com\/?page_id=1190&lang=es","title":{"rendered":"Empresa"},"content":{"rendered":"<p>[vc_row force_equal_height_columns=&#8221;main_row&#8221; dfd_row_config=&#8221;full_width_content_paddings&#8221; css=&#8221;.vc_custom_1543227863329{background-color: #005f4e !important;}&#8221;][vc_column width=&#8221;1\/3&#8243; css=&#8221;.vc_custom_1540993477432{background-image: url(https:\/\/amatfust.com\/wp-content\/uploads\/2018\/10\/tacs_fusta_apilats-1.jpg?id=857) !important;background-position: center !important;background-repeat: no-repeat !important;background-size: cover !important;}&#8221;]<div class=\"dfd-spacer-module\"  data-units=\"px\" data-wide_resolution=\"1280\" data-wide_size=\"100\" data-normal_resolution=\"1024\" data-normal_size=\"80\" data-tablet_resolution=\"800\" data-tablet_size=\"60\" data-mobile_resolution=\"480\" data-mobile_size=\"70\" style=\"height: 100px;\"><\/div><div class=\"dfd-spacer-module\"  data-units=\"px\" data-wide_resolution=\"1280\" data-wide_size=\"100\" data-normal_resolution=\"1024\" data-normal_size=\"80\" data-tablet_resolution=\"800\" data-tablet_size=\"60\" data-mobile_resolution=\"480\" data-mobile_size=\"70\" style=\"height: 100px;\"><\/div>[\/vc_column][vc_column column_bg_check=&#8221;column-background-dark&#8221; width=&#8221;2\/3&#8243; css=&#8221;.vc_custom_1540994214445{padding-right: 15% !important;padding-left: 15% !important;}&#8221;]<div class=\"dfd-spacer-module\"  data-units=\"px\" data-wide_resolution=\"1280\" data-wide_size=\"80\" data-normal_resolution=\"1024\" data-normal_size=\"60\" data-tablet_resolution=\"800\" data-tablet_size=\"40\" data-mobile_resolution=\"480\" data-mobile_size=\"70\" style=\"height: 80px;\"><\/div><div class=\"dfd-heading-shortcode\"><div class=\"dfd-heading-module-wrap  text-center style_01 dfd-heading-69f87556acacd dfd-disable-resposive-headings\" id=\"dfd-heading-69f87556acacd\" ><div class=\"inline-block\"><div class=\"dfd-heading-module\"><h2 class=\"widget-title dfd-title \" style=\"letter-spacing: -2px; \">AMAT FUST SL<\/h2><\/div><\/div><\/div><script type=\"text\/javascript\">\n\t\t\t\t\t\t\t\t\t(function($) {\n\t\t\t\t\t\t\t\t\t\t$(\"head\").append(\"<style>.dfd-heading-69f87556acacd .dfd-heading-module .widget-title {margin-bottom:50px;}.dfd-heading-69f87556acacd.dfd-heading-module-wrap .dfd-heading-module .dfd-heading-delimiter {margin-top:10px;margin-bottom:10px;}@media (max-width: 1280px) and (min-width: 1024px){.dfd-heading-69f87556acacd .dfd-title{font-size: 40px !important;line-height: 40px !important;}}@media (max-width: 1023px) and (min-width: 800px){.dfd-heading-69f87556acacd .dfd-title{font-size: 38px !important;line-height: 38px !important;}}@media (max-width: 799px){.dfd-heading-69f87556acacd .dfd-title{font-size: 36px !important;line-height: 36px !important;}}<\/style>\");\n\t\t\t\t\t\t\t\t\t})(jQuery);\n\t\t\t\t\t\t\t\t<\/script><\/div>[vc_column_text]<\/p>\n<p style=\"text-align: center; font-size: 20px;\">A Amat Fust S.L. mecanizamos madera maciza y prefabricada, utilizando la mejor tecnolog\u00eda, para ser competitivos en precio y calidad.<\/p>\n<p>[\/vc_column_text]<div class=\"dfd-spacer-module\"  data-units=\"px\" data-wide_resolution=\"1280\" data-wide_size=\"80\" data-normal_resolution=\"1024\" data-normal_size=\"60\" data-tablet_resolution=\"800\" data-tablet_size=\"40\" data-mobile_resolution=\"480\" data-mobile_size=\"70\" style=\"height: 80px;\"><\/div>[\/vc_column][\/vc_row][vc_row css=&#8221;.vc_custom_1540995254803{padding-top: 100px !important;padding-bottom: 100px !important;}&#8221;][vc_column]<div class=\"dfd-heading-shortcode\"><div class=\"dfd-heading-module-wrap  text-center style_01 dfd-heading-69f87556acd2c dfd-disable-resposive-headings\" id=\"dfd-heading-69f87556acd2c\" ><div class=\"inline-block\"><div class=\"dfd-heading-module\"><h2 class=\"widget-title dfd-title \" style=\"letter-spacing: -2px; \">La tercera generaci\u00f3n<\/h2><h3 class=\"widget-sub-title dfd-sub-title \" style=\"font-size: 18px; line-height: 28px; \">Amat Fust S.L. naci\u00f3 con la fabricaci\u00f3n de mangos de cuchillo y derivados. Posteriormente, se expandi\u00f3 a la pr\u00e1ctica totalidad de art\u00edculos de complemento de cocina y hogar, para finalmente, entrar en el mundo del complemento de tapicer\u00eda y descanso.<\/h3><\/div><\/div><\/div><script type=\"text\/javascript\">\n\t\t\t\t\t\t\t\t\t(function($) {\n\t\t\t\t\t\t\t\t\t\t$(\"head\").append(\"<style>.dfd-heading-69f87556acd2c .dfd-heading-module .widget-title {margin-bottom:50px;}.dfd-heading-69f87556acd2c.dfd-heading-module-wrap .dfd-heading-module .dfd-heading-delimiter {margin-top:10px;margin-bottom:10px;}@media (max-width: 1280px) and (min-width: 1024px){.dfd-heading-69f87556acd2c .dfd-title{font-size: 40px !important;line-height: 40px !important;}}@media (max-width: 1023px) and (min-width: 800px){.dfd-heading-69f87556acd2c .dfd-title{font-size: 38px !important;line-height: 38px !important;}}@media (max-width: 799px){.dfd-heading-69f87556acd2c .dfd-title{font-size: 36px !important;line-height: 36px !important;}}<\/style>\");\n\t\t\t\t\t\t\t\t\t})(jQuery);\n\t\t\t\t\t\t\t\t<\/script><\/div>[\/vc_column][\/vc_row][vc_row force_equal_height_columns=&#8221;main_row&#8221; mobile_destroy_equal_heights_resolution=&#8221;799&#8243; dfd_row_config=&#8221;full_width_content&#8221; dfd_row_responsive_enable=&#8221;dfd-row-responsive-enable&#8221; dfd_bg_style=&#8221;image&#8221; dfd_parallax_style=&#8221;dfd_vertical_parallax&#8221; dfd_bg_image_new=&#8221;100&#8243; dfd_bg_image_size_mobile=&#8221;cover&#8221; dfd_enable_overlay=&#8221;&#8221; css=&#8221;.vc_custom_1541411277134{padding-right: 5% !important;padding-bottom: 100px !important;padding-left: 5% !important;}&#8221; responsive_styles=&#8221;padding_left_desktop:0|padding_right_desktop:0|padding_left_tablet:0|padding_right_tablet:0|padding_left_mobile:0|padding_right_mobile:0&#8243; mobile_destroy_equal_heights=&#8221;yes&#8221;][vc_column width=&#8221;1\/2&#8243; dfd_column_responsive_enable=&#8221;dfd-column-responsive-enable&#8221; css=&#8221;.vc_custom_1527842481461{padding-right: 7% !important;padding-left: 7% !important;}&#8221; responsive_styles=&#8221;padding_left_tablet:40|padding_right_tablet:15|padding_left_mobile:30|padding_right_mobile:30&#8243;]<div class=\"dfd-heading-shortcode\"><div class=\"dfd-heading-module-wrap  text-center style_01 cr-animate-gen dfd-heading-69f87556ace88 dfd-disable-resposive-headings\" id=\"dfd-heading-69f87556ace88\" data-animate-type = \"transition.slideLeftIn\" ><div class=\"inline-block\"><div class=\"dfd-heading-module\"><h3 class=\"widget-title dfd-title \" style=\"line-height: 40px; letter-spacing: -2px; \">Sectores<\/h3><\/div><\/div><\/div><script type=\"text\/javascript\">\n\t\t\t\t\t\t\t\t\t(function($) {\n\t\t\t\t\t\t\t\t\t\t$(\"head\").append(\"<style>.dfd-heading-69f87556ace88 .dfd-heading-module .widget-title {margin-bottom:50px;}.dfd-heading-69f87556ace88.dfd-heading-module-wrap .dfd-heading-module .dfd-heading-delimiter {margin-top:10px;margin-bottom:10px;}<\/style>\");\n\t\t\t\t\t\t\t\t\t})(jQuery);\n\t\t\t\t\t\t\t\t<\/script><\/div>[vc_column_text css_animation=&#8221;slideInLeft&#8221;]<\/p>\n<p style=\"text-align: left; font-size: 18px;\">En la actualidad producimos art\u00edculos para cualquiera de estas \u00e1reas:<\/p>\n<ul>\n<li style=\"font-size: 18px;\">Art\u00edculos de complemento de cocina y hogar.<\/li>\n<li style=\"font-size: 18px;\">Tapicer\u00eda y muebles de descanso.<\/li>\n<\/ul>\n<p>[\/vc_column_text]<div class=\"dfd-spacer-module\"  data-units=\"px\" data-wide_resolution=\"1280\" data-wide_size=\"25\" data-normal_resolution=\"1024\" data-normal_size=\"20\" data-tablet_resolution=\"800\" data-tablet_size=\"20\" data-mobile_resolution=\"480\" data-mobile_size=\"20\" style=\"height: 25px;\"><\/div>[\/vc_column][vc_column width=&#8221;1\/2&#8243; dfd_column_responsive_enable=&#8221;dfd-column-responsive-enable&#8221; responsive_styles=&#8221;padding_right_desktop:40|padding_left_tablet:15|padding_right_tablet:40|padding_left_mobile:30|padding_right_mobile:30&#8243;]<div id=\"dfd-single-image-module69f87556adb25-5921\" class=\"dfd-single-image-module  image-center  cr-animate-gen\" data-animate-type = \"transition.slideRightIn\" ><img loading=\"lazy\" decoding=\"async\" src=\"https:\/\/amatfust.com\/wp-content\/uploads\/2018\/10\/peces_fusta-1.jpg\" width=\"2048\" height=\"1536\"  alt=\"Image module\" \/><\/div>[\/vc_column][\/vc_row][vc_row dfd_row_config=&#8221;full_width_content&#8221; dfd_row_responsive_enable=&#8221;dfd-row-responsive-enable&#8221; row_responsive_mobile_classes=&#8221;dfd-remove-left-padding,dfd-remove-right-padding&#8221; row_responsive_mobile_resolutions=&#8221;dfd-apply-laptop,dfd-apply-tablet,dfd-apply-mobile&#8221; dfd_enable_overlay=&#8221;&#8221; css=&#8221;.vc_custom_1541411419730{padding-top: 100px !important;padding-right: 13% !important;padding-bottom: 100px !important;padding-left: 13% !important;}&#8221;][vc_column][vc_row_inner][vc_column_inner width=&#8221;1\/3&#8243;]<div id=\"idinfobox69f87556adbd1\" class=\"dfd-info-box clearfix style-01 layout-01  idinfobox69f87556adbd1 cr-animate-gen text-center\" data-animate-item=\".dfd-animate-container\" data-animate-type = \"transition.fadeIn\" ><div class=\"dfd-animate-container\"><div class=\"icon-wrapper\"><div class=\"module-icon\" ><div class=\"hover-layer\" ><\/div><i class=\"featured-icon dfd-icon-calculator\" style=\"opacity:1;\" ><\/i><\/div><\/div><div class=\"info-box-title feature-title\" style=\"\">Precio<\/div><div class=\"wrap-delimiter\"><div class=\"delimiter\" ><\/div><\/div><div class=\"description\" style=\"\"><\/div><\/div><\/div>[\/vc_column_inner][vc_column_inner width=&#8221;1\/3&#8243;]<div id=\"idinfobox69f87556adca1\" class=\"dfd-info-box clearfix style-01 layout-01  idinfobox69f87556adca1 cr-animate-gen text-center\" data-animate-item=\".dfd-animate-container\" data-animate-type = \"transition.fadeIn\" ><div class=\"dfd-animate-container\"><div class=\"icon-wrapper\"><div class=\"module-icon\" ><div class=\"hover-layer\" ><\/div><i class=\"featured-icon dfd-icon-diamond\" style=\"opacity:1;\" ><\/i><\/div><\/div><div class=\"info-box-title feature-title\" style=\"\">Resistencia<\/div><div class=\"wrap-delimiter\"><div class=\"delimiter\" ><\/div><\/div><div class=\"description\" style=\"\"><\/div><\/div><\/div>[\/vc_column_inner][vc_column_inner width=&#8221;1\/3&#8243;]<div id=\"idinfobox69f87556add42\" class=\"dfd-info-box clearfix style-01 layout-01  idinfobox69f87556add42 cr-animate-gen text-center\" data-animate-item=\".dfd-animate-container\" data-animate-type = \"transition.fadeIn\" ><div class=\"dfd-animate-container\"><div class=\"icon-wrapper\"><div class=\"module-icon\" ><div class=\"hover-layer\" ><\/div><i class=\"featured-icon dfd-icon-marker\" style=\"opacity:1;\" ><\/i><\/div><\/div><div class=\"info-box-title feature-title\" style=\"\">Proximidad<\/div><div class=\"wrap-delimiter\"><div class=\"delimiter\" ><\/div><\/div><div class=\"description\" style=\"\"><\/div><\/div><\/div>[\/vc_column_inner][\/vc_row_inner]<div class=\"dfd-spacer-module\"  data-units=\"px\" data-wide_resolution=\"1280\" data-wide_size=\"60\" data-normal_resolution=\"1024\" data-normal_size=\"50\" data-tablet_resolution=\"800\" data-tablet_size=\"40\" data-mobile_resolution=\"480\" data-mobile_size=\"40\" style=\"height: 60px;\"><\/div>[vc_column_text css_animation=&#8221;fadeIn&#8221;]<\/p>\n<h4 class=\"widget-sub-title dfd-sub-title \" style=\"text-align: center; font-size: 18px; line-height: 28px;\">La <strong>madera de haya<\/strong> destaca por estas caracter\u00edsticas, adem\u00e1s de la facilidad de trabajo. Por este motivo en Amat Fust S.L. trabajamos mayoritariamente con la madera de haya. Tambi\u00e9n utilizamos pino, abeto, y espor\u00e1dicamente roble o fresno.<\/h4>\n<p>[\/vc_column_text][\/vc_column][\/vc_row][vc_row force_equal_height_columns=&#8221;main_row&#8221; dfd_row_config=&#8221;full_width_content_paddings&#8221; css=&#8221;.vc_custom_1541005336307{background-color: #eaeaea !important;}&#8221;][vc_column width=&#8221;1\/2&#8243; css=&#8221;.vc_custom_1541410071096{background-image: url(https:\/\/amatfust.com\/wp-content\/uploads\/2018\/10\/pila_palets-1.jpg?id=860) !important;background-position: center !important;background-repeat: no-repeat !important;background-size: cover !important;}&#8221;][\/vc_column][vc_column width=&#8221;1\/2&#8243; css=&#8221;.vc_custom_1541410076408{padding-top: 100px !important;padding-right: 15% !important;padding-bottom: 100px !important;padding-left: 15% !important;}&#8221;]<div class=\"dfd-heading-shortcode\"><div class=\"dfd-heading-module-wrap  text-left style_01 dfd-heading-69f87556addf3 dfd-disable-resposive-headings\" id=\"dfd-heading-69f87556addf3\" ><div class=\"inline-block\"><div class=\"dfd-heading-module\"><h3 class=\"widget-title dfd-title \" style=\"line-height: 40px; letter-spacing: -2px; \"><\/p>\n<p style=\"text-align: center;\">Exportaciones a<br \/>\nFrancia y Portugal<\/p>\n<p><\/h3><\/div><\/div><\/div><script type=\"text\/javascript\">\n\t\t\t\t\t\t\t\t\t(function($) {\n\t\t\t\t\t\t\t\t\t\t$(\"head\").append(\"<style>.dfd-heading-69f87556addf3.dfd-heading-module-wrap .dfd-heading-module .dfd-heading-delimiter {margin-top:10px;margin-bottom:10px;}<\/style>\");\n\t\t\t\t\t\t\t\t\t})(jQuery);\n\t\t\t\t\t\t\t\t<\/script><\/div>[\/vc_column][\/vc_row][vc_row force_equal_height_columns=&#8221;main_row&#8221; mobile_destroy_equal_heights_resolution=&#8221;799&#8243; dfd_row_config=&#8221;full_width_content&#8221; dfd_enable_overlay=&#8221;&#8221; css=&#8221;.vc_custom_1541408698444{background-position: 0 0 !important;background-repeat: repeat !important;}&#8221; mobile_destroy_equal_heights=&#8221;yes&#8221;][vc_column width=&#8221;1\/2&#8243; dfd_column_responsive_enable=&#8221;dfd-column-responsive-enable&#8221; css=&#8221;.vc_custom_1541408996821{padding-top: 100px !important;padding-right: 0px !important;padding-bottom: 100px !important;}&#8221; responsive_styles=&#8221;padding_left_mobile:0&#8243;][vc_single_image image=&#8221;865&#8243; img_size=&#8221;200&#215;227&#8243; alignment=&#8221;center&#8221; css_animation=&#8221;fadeInLeft&#8221;][\/vc_column][vc_column width=&#8221;1\/2&#8243;]<div class=\"dfd-spacer-module\"  data-units=\"px\" data-wide_resolution=\"1280\" data-wide_size=\"90\" data-normal_resolution=\"1024\" data-normal_size=\"\" data-tablet_resolution=\"800\" data-tablet_size=\"\" data-mobile_resolution=\"480\" data-mobile_size=\"\" style=\"height: 90px;\"><\/div><div class=\"dfd-heading-shortcode\"><div class=\"dfd-heading-module-wrap  text-center style_01 dfd-heading-69f87556adffa dfd-disable-resposive-headings\" id=\"dfd-heading-69f87556adffa\" ><div class=\"inline-block\"><div class=\"dfd-heading-module\"><h3 class=\"widget-title dfd-title \" style=\"line-height: 40px; letter-spacing: -2px; \">Certificado PEFC<\/h3><h3 class=\"widget-sub-title dfd-sub-title \" style=\"font-size: 18px; \">Madera que proviene de bosques gestionados de forma sostenible<\/h3><\/div><\/div><\/div><script type=\"text\/javascript\">\n\t\t\t\t\t\t\t\t\t(function($) {\n\t\t\t\t\t\t\t\t\t\t$(\"head\").append(\"<style>.dfd-heading-69f87556adffa .dfd-heading-module .widget-title {margin-bottom:50px;}.dfd-heading-69f87556adffa.dfd-heading-module-wrap .dfd-heading-module .dfd-heading-delimiter {margin-top:10px;margin-bottom:10px;}@media (max-width: 799px){.dfd-heading-69f87556adffa .dfd-title{font-size: 30px !important;line-height: 34px !important;}}<\/style>\");\n\t\t\t\t\t\t\t\t\t})(jQuery);\n\t\t\t\t\t\t\t\t<\/script><\/div>[\/vc_column][\/vc_row][vc_row dfd_row_config=&#8221;full_width_content&#8221; dfd_enable_overlay=&#8221;&#8221; css=&#8221;.vc_custom_1543227880084{padding-top: 100px !important;padding-right: 5% !important;padding-bottom: 100px !important;padding-left: 5% !important;background-color: #005f4e !important;background-position: 0 0 !important;background-repeat: repeat !important;}&#8221;][vc_column dfd_column_responsive_enable=&#8221;dfd-column-responsive-enable&#8221; responsive_styles=&#8221;padding_left_mobile:0&#8243; css=&#8221;.vc_custom_1541410066415{padding-right: 3% !important;padding-left: 3% !important;}&#8221;][vc_row_inner css=&#8221;.vc_custom_1541410891617{margin-bottom: 0px !important;}&#8221;][vc_column_inner width=&#8221;1\/2&#8243;]<div class=\"dfd-heading-shortcode\"><div class=\"dfd-heading-module-wrap  text-center style_01 dfd-heading-69f87556ae17d dfd-disable-resposive-headings\" id=\"dfd-heading-69f87556ae17d\" ><div class=\"inline-block\"><div class=\"dfd-heading-module\"><h3 class=\"widget-title dfd-title \" style=\"line-height: 40px; letter-spacing: -2px; \"><span style=\"color: #ffffff;\">Especialistas en torneado autom\u00e1tico<\/span><\/h3><\/div><\/div><\/div><script type=\"text\/javascript\">\n\t\t\t\t\t\t\t\t\t(function($) {\n\t\t\t\t\t\t\t\t\t\t$(\"head\").append(\"<style>.dfd-heading-69f87556ae17d .dfd-heading-module .widget-title {margin-bottom:50px;}.dfd-heading-69f87556ae17d.dfd-heading-module-wrap .dfd-heading-module .dfd-heading-delimiter {margin-top:10px;margin-bottom:10px;}@media (max-width: 799px){.dfd-heading-69f87556ae17d .dfd-title{font-size: 30px !important;line-height: 34px !important;}}<\/style>\");\n\t\t\t\t\t\t\t\t\t})(jQuery);\n\t\t\t\t\t\t\t\t<\/script><\/div>[\/vc_column_inner][vc_column_inner width=&#8221;1\/2&#8243;]<div class=\"dfd-heading-shortcode\"><div class=\"dfd-heading-module-wrap  text-center style_01 dfd-heading-69f87556ae2d9 dfd-disable-resposive-headings\" id=\"dfd-heading-69f87556ae2d9\" ><div class=\"inline-block\"><div class=\"dfd-heading-module\"><h3 class=\"widget-title dfd-title \" style=\"line-height: 40px; letter-spacing: -2px; \"><span style=\"color: #ffffff;\">Barnizados con equipos electroest\u00e1ticos<\/span><\/h3><\/div><\/div><\/div><script type=\"text\/javascript\">\n\t\t\t\t\t\t\t\t\t(function($) {\n\t\t\t\t\t\t\t\t\t\t$(\"head\").append(\"<style>.dfd-heading-69f87556ae2d9 .dfd-heading-module .widget-title {margin-bottom:50px;}.dfd-heading-69f87556ae2d9.dfd-heading-module-wrap .dfd-heading-module .dfd-heading-delimiter {margin-top:10px;margin-bottom:10px;}@media (max-width: 799px){.dfd-heading-69f87556ae2d9 .dfd-title{font-size: 30px !important;line-height: 34px !important;}}<\/style>\");\n\t\t\t\t\t\t\t\t\t})(jQuery);\n\t\t\t\t\t\t\t\t<\/script><\/div>[\/vc_column_inner][\/vc_row_inner][vc_column_text]<\/p>\n<p style=\"text-align: center;\"><span style=\"color: #ffffff; font-size: 20px;\">Patas para camas, mesas, sillas, sof\u00e1s &#8230;<br \/>\ntodas ellas con barnizado que pueden ser de colores gen\u00e9ricos o personalizados. <\/span><\/p>\n<p style=\"text-align: center;\"><span style=\"color: #ffffff; font-size: 20px;\">Herrajes para facilitar los acoplamientos correspondientes (esp\u00e1rragos roscados de m\u00e9trico 8 o 10 mm).<br \/>\nTambi\u00e9n podemos introducir tuercas con el mismo m\u00e9tricos. <\/span><\/p>\n<p>[\/vc_column_text][\/vc_column][\/vc_row]<\/p>\n","protected":false},"excerpt":{"rendered":"<p>[vc_row force_equal_height_columns=&#8221;main_row&#8221; dfd_row_config=&#8221;full_width_content_paddings&#8221; css=&#8221;.vc_custom_1543227863329{background-color: #005f4e !important;}&#8221;][vc_column width=&#8221;1\/3&#8243; css=&#8221;.vc_custom_1540993477432{background-image: url(https:\/\/amatfust.com\/wp-content\/uploads\/2018\/10\/tacs_fusta_apilats-1.jpg?id=857) !important;background-position: center !important;background-repeat: no-repeat !important;background-size: cover !important;}&#8221;][\/vc_column][vc_column column_bg_check=&#8221;column-background-dark&#8221; width=&#8221;2\/3&#8243; css=&#8221;.vc_custom_1540994214445{padding-right: 15% !important;padding-left: 15% !important;}&#8221;][vc_column_text] A Amat Fust S.L. mecanizamos madera maciza<\/p>\n","protected":false},"author":1,"featured_media":0,"parent":0,"menu_order":0,"comment_status":"closed","ping_status":"closed","template":"page-custom.php","meta":{"_acf_changed":false,"footnotes":""},"class_list":["post-1190","page","type-page","status-publish","hentry"],"acf":[],"_links":{"self":[{"href":"https:\/\/amatfust.com\/index.php?rest_route=\/wp\/v2\/pages\/1190","targetHints":{"allow":["GET"]}}],"collection":[{"href":"https:\/\/amatfust.com\/index.php?rest_route=\/wp\/v2\/pages"}],"about":[{"href":"https:\/\/amatfust.com\/index.php?rest_route=\/wp\/v2\/types\/page"}],"author":[{"embeddable":true,"href":"https:\/\/amatfust.com\/index.php?rest_route=\/wp\/v2\/users\/1"}],"replies":[{"embeddable":true,"href":"https:\/\/amatfust.com\/index.php?rest_route=%2Fwp%2Fv2%2Fcomments&post=1190"}],"version-history":[{"count":4,"href":"https:\/\/amatfust.com\/index.php?rest_route=\/wp\/v2\/pages\/1190\/revisions"}],"predecessor-version":[{"id":1367,"href":"https:\/\/amatfust.com\/index.php?rest_route=\/wp\/v2\/pages\/1190\/revisions\/1367"}],"wp:attachment":[{"href":"https:\/\/amatfust.com\/index.php?rest_route=%2Fwp%2Fv2%2Fmedia&parent=1190"}],"curies":[{"name":"wp","href":"https:\/\/api.w.org\/{rel}","templated":true}]}}